 -q. Let w(k) be the second derivative of -5*k**4/6 + k**3/6 - 3*k + 5. Give w(q).
-11
Let o(f) = 2*f**2 + 5*f - 2. Let a be 28/6 + 6 + (-138)/18. Give o(a).
31
Let q(x) = 17*x + 3. Let m(w) = 120*w + 20. Let y(r) = 2*m(r) - 15*q(r). Let g(l) = -l - 1. Let d(k) = -5*g(k) + y(k). Let j be (-4 + (-44)/(-12))*3. Give d(j).
10
Suppose 361 = -12*h + 445. Let v(l) = l**2 - 7*l - 6. What is v(h)?
-6
Let o(w) = 9*w**3 - 5*w**2 + 10*w + 2. Let n(g) = 20*g**3 - 13*g**2 + 21*g + 4. Let l(j) = -4*n(j) + 9*o(j). What is l(-4)?
26
Let p(z) = 2*z - 6. Let l be (-418)/(-99) - 2/9. Suppose -l = -6*j + 5*j. What is p(j)?
2
Let z(q) = -q - 2. Let y(x) = x + 4. Let i(a) = -3*y(a) - 5*z(a). Let t = -417 - -414. Give i(t).
-8
Let b(a) = -a**2 + 8*a - 7. Suppose 0*l + z + 6 = l, -2*z - 30 = -5*l. Let m be b(l). Let u(y) = y**3 - 5*y**2 - y. What is u(m)?
-5
Let m = 468 - 475. Let h(a) = 2*a + 16. Give h(m).
2
Let w = 802 + -800. Let b(x) = x + 1. Let p(l) = 2*l**2 + 7*l + 8. Let h(q) = -6*b(q) + p(q). What is h(w)?
12
Let p(o) be the first derivative of -o**4/4 + 8*o**3/3 - 7*o**2/2 + 5*o + 219. Determine p(7).
5
Let z(u) = 1 - 2 + u**2 - 1 + 5*u. Let v(n) = 6*n + 2. Let t be 1/((-9)/(-3) + -4). Let d be v(t). Calculate z(d).
-6
Let s(w) = w**3 + 8*w**2 - 10*w - 11. Suppose 4*o - 3 = -q, 6*o = 2*q + 3*o + 27. Give s(q).
-2
Let q(o) = 6*o**2 - o - 1. Let w be (-29)/9 - 2/(-9). Suppose 0 = -4*t - 31 + 23. Let c = w - t. What is q(c)?
6
Let a(h) = h + 1. Let d be a(0). Let j(z) be the second derivative of -13/20*z**5 + 0*z**3 + 0*z**2 - 2*z + 1/12*z**4 + 0. Determine j(d).
-12
Let n(g) = -5*g - 6. Let i(f) = 3*f + 4. Let h(z) = 8*i(z) + 5*n(z). Let a = -9 - -5. Determine h(a).
6
Let q be (-4)/18 + 97/(-9). Let g(j) = 2*j**2 + 22*j - 11. Let w(k) = -3*k**2 - 33*k + 16. Let n(l) = -8*g(l) - 5*w(l). Determine n(q).
8
Suppose -13*q = -9*q + 8. Let d(k) be the third derivative of k**6/60 + k**5/30 + k**4/8 + k**3/6 - k**2 + 2*k. Determine d(q).
-13
Let x(z) = z**3 - 5*z**2 - 6*z + 7. Let s = -105 - -53. Let c = s - -58. Determine x(c).
7
Suppose a - 5 = -11. Let v(z) = -5*z**3 + 12*z**2 + 17*z + 3. Let l(x) = -2*x**3 + 6*x**2 + 8*x + 1. Let q(h) = 7*l(h) - 3*v(h). Calculate q(a).
-32
Let j(g) be the first derivative of -2*g**4 + 2*g**3/3 - g**2 + g - 55. Let x = -3 - -4. Determine j(x).
-7
Let m(n) be the third derivative of -n**4/24 - 4*n**3/3 + n**2. Let k be 90/((-10)/(-5)) + (-4)/(-2). Let i = 42 - k. Calculate m(i).
-3
Let p(s) = -s**2 - 8*s - 8. Let b(i) = 41*i - 14*i - 15*i + 13 - 13*i. Let f be b(21). Calculate p(f).
-8
Let c(g) = g**2 + 1 - 4*g**3 + 2*g**3 + 3*g**3 - 4*g. Suppose -6*x + 56 = -2*x. Suppose 10*l - x*l = 12. Calculate c(l).
-5
Let f(m) be the second derivative of 5*m - 3/2*m**2 + 1/20*m**5 - 5/6*m**3 + 0 + 1/6*m**4. What is f(-3)?
3
Let i = 63 - 67. Let r(p) = p**2 + 3*p + 4. Calculate r(i).
8
Let r(x) be the second derivative of 9/2*x**2 + 1/3*x**3 - 5*x + 0. What is r(-7)?
-5
Let q(b) = b**3 - 6*b**2 + 7*b - 2. Suppose 218 = 5*i + 2*j, 0 = 4*i - 3*j + 30 - 186. Let f = -37 + i. Determine q(f).
8
Let j(v) = -v**3 - 4*v**2 + 6*v + 2. Let z be j(-5). Suppose 5*w = 4*s - 6 - 8, 6 = 4*s - w. Let o(g) = -6 + 2*g - s + 4. Determine o(z).
-9
Let u(k) = k**3 - 2*k**2 - 4*k + 3. Suppose -4*d + 89 + 35 = 0. Suppose 26*g = d*g - 15. What is u(g)?
0
Let r(a) = -2*a + 4. Let t(z) = 5*z - 1. Let i(p) = r(p) + 2*t(p). Give i(4).
34
Suppose 6*p = 65*p - 118. Let d(l) be the second derivative of -l**3/6 + l**2 + l. Give d(p).
0
Let h(w) = -19*w**3 + 3*w + 14. Let i(p) = 6*p**3 - p - 5. Let y(s) = -4*h(s) - 11*i(s). Let o(n) = 4*n - 29. Let a be o(7). Determine y(a).
-10
Let v(q) = -q**3 - 4*q**2 - 2*q + 5. Let i(h) = -h. Let n(c) = 3*i(c) - v(c). Let s = 7 + -11. Let u be n(s). Let o(w) = 6*w**3 + w. Calculate o(u).
-7
Let q(j) be the third derivative of j**5/60 + j**4/3 + j**3/2 + 2*j**2 - 33*j. Give q(-4).
-13
Let w be (-5 - (-4 - 2))/(2/12). Let r(m) = -2*m + 12. Give r(w).
0
Suppose -3*r - 4*y + 9 = 0, -5*r - 2 = -3*y - 17. Suppose r*f + 10 = -2. Let g(a) be the second derivative of 2*a**3/3 + 5*a**2/2 - 89*a. What is g(f)?
-11
Let b(h) = -17*h**2 - h**3 + 3*h - 9 + 11 + 7 + 12*h**2. What is b(-5)?
-6
Let h(r) be the first derivative of r**2 - 1/6*r**3 - 3 + 2*r. Let x(i) be the first derivative of h(i). Give x(2).
0
Let w(g) be the third derivative of -1/8*g**4 + 7/6*g**3 - 5*g**2 + 0*g + 0. Determine w(6).
-11
Let q(b) = -10101 - b**2 - 4*b + 0*b**2 - 2*b + 10095. Determine q(-3).
3
Let s = 19 + -15. Suppose -2*r = -s*z + 14, -r + 4 = r + 2*z. Let n(o) = 3*o**2 - o. Give n(r).
4
Let a(z) = z**3 - 16*z**2 + z - 15. Let x(n) = 9*n + 187. Let o be x(-19). What is a(o)?
1
Suppose 4*w = -28 + 4. Let g(q) = -q**3 - 7*q**2 - 7*q - 9. Give g(w).
-3
Let s(m) = 3 + 122*m**2 - 2 + 4*m - 123*m**2. What is s(4)?
1
Let g(x) = 8*x**2 + x. Let k(j) = j**2 - 4*j - 61. Let l be k(-6). Suppose 3*q = -q - 2*p + 204, p = 4*q - 198. Let w be q/60 - l/6. Determine g(w).
9
Let s(m) = -9*m**2 + 3*m - 2. Suppose 5*u + f = 1, 3*f - 2 = 2*u + 4*f. Give s(u).
-8
Let c be ((-1 + 1)/(7 - 5))/(-2). Let k be 9*(c - 4/6). Let b(j) = -2*j + 6. Calculate b(k).
18
Suppose 9*w = 2*w. Suppose w*d = -d - d. Let b(o) = o + 1. Determine b(d).
1
Let p be (1/(-3))/(2/(-30)). Let z(b) be the second derivative of 2/3*b**3 - 1/2*b**4 + 1/20*b**5 + 0 + 5*b - 2*b**2. Determine z(p).
-9
Let u(x) = -x + 8. Let c be 14/(-21)*9/(-2). Suppose 5*s + c*a + 19 = -10, -2*a = -s + 2. Let j be (-6)/s*(8 + -4). Determine u(j).
2
Suppose 0 = 6*x - 7*x + 2. Let g(i) = 10*i**2 + 4*i**2 + 5*i**2 - 18*i**x - 2 - 6*i. Determine g(8).
14
Let w(u) be the first derivative of -u**3/3 - u**2/2 - 148. What is w(0)?
0
Let h(v) = -v**3 + 6*v**2 + 9*v - 7. Let o(k) = k**3 - 6*k**2 + 9*k - 15. Let m be o(6). Let q = m - 32. Give h(q).
7
Let j(y) = 2*y**2 + 2*y - 2. Let w = 59 + -50. Let t = -7 + w. Calculate j(t).
10
Let g(p) be the third derivative of -p**6/120 - p**5/15 - p**4/12 + 5*p**3/6 + p**2 - 37*p. Calculate g(-4).
13
Let t(s) = -2*s**2 - 6*s - 1. Let k be t(-5). Let n = k + 35. Let b = -15 + n. Let f(h) = -5*h - 1. Calculate f(b).
4
Let s(t) = t**2 + 8*t - 5. Suppose o + 11*j = 8*j + 4, -4*o - 3*j = 29. What is s(o)?
28
Let q(s) = -s**2 - 3*s + 3. Let z(b) = 12*b**2 - b - 5*b**3 + 4*b**3 + 0 + 8. Let i be z(12). What is q(i)?
-1
Let y(m) = -3*m - 3. Let t = -82 + 87. Let c be 3 + (-3 - 30/t). Calculate y(c).
15
Let w(p) be the third derivative of p**4/2 - p**3/6 - 824*p**2. Let i(a) = -a**2 - 3*a - 3. Let s be i(-2). Determine w(s).
-13
Let l(a) = 3*a - 1. Let t(u) = 7*u**3 - 2*u**2 + u. Suppose 4*g - 2*g = -2*w + 12, -15 = 5*w - 4*g. Let n be t(w). Give l(n).
17
Let t(x) = -x**3 + 9*x**2 - 7*x - 6. Let l be t(8). Let m(n) = 20 - 20 - l*n. Suppose 5*a - 4 = -14. Calculate m(a).
4
Suppose -6 = 5*v + 4. Let f(r) = r**2 + r - 1. Let y be f(v). Let x be ((-8)/4)/(y + -2). Let t(m) = -m + 1. Give t(x).
-1
Let b(h) = 7*h + 3. Let n(z) = -7*z - 3. Let c(a) = -5*b(a) - 4*n(a). Calculate c(-2).
11
Let m(s) be the first derivative of s**5/12 + s**4/24 - 21*s**2/2 - 1. Let x(l) be the second derivative of m(l). Calculate x(-1).
4
Let q(k) = k + 5. Suppose 3*f = 2*b + 5*f + 2, 15 = -5*b - 3*f. Determine q(b).
-1
Let l = 13 + -2. Let d = l - 7. Let t(r) = -3*r - 2 + d*r + 0*r + 3. Determine t(-3).
-2
Suppose -1619*d + 1605*d = 0. Let p be -1 - 1/((-1)/6). Let w(g) = g + 3*g - p*g + g**2. Calculate w(d).
0
Let i(h) = -h**3 + 9*h**2 - 10*h + 18. Let u = -17 + 25. Let m be i(u). Let f(l) = 4*l**3 - 4*l**2 + 3*l - 1. Calculate f(m).
21
Let a = -13 - -8. Let g be a/35*37 + 2/7. Let x(f) = -f**2 - 4*f + 2. Calculate x(g).
-3
Let i(p) = -7*p + 2. Suppose 17*h = -95 - 7. Calculate i(h).
44
Let q be -15*(2 + (-56)/24). Let l(u) = -u**3 + 4*u**2 + 2*u - 1. Give l(q).
-16
Let u be ((-4)/2)/((-8)/12). Let p(i) be the third derivative of i**5/60 - i**4/24 - 13*i**2. Calculate p(u).
6
Let g(i) be the first derivative of i**2/2 - 23*i - 1. Suppose -p - f = -3*p, -3*p + 4*f = 0. Determine g(p).
-23
Let l(r) = -29*r**3 + 5*r**2 - 2*r - 11. Let u(n) = -10*n**3 + 2*n**2 - n - 4. Let c(o) = -3*l(o) + 8*u(o). Let z be 2*(0 - 1) + (9 - (18 - 12)). What is c(z)?
7
Let a(p) = -2*p**2 + 12*p + 2. Let f be a(6). Let m(w) = -w + 4. Let d(u) = -1. Let n(l) = f*d